{"id":10,"date":"2022-11-22T17:46:57","date_gmt":"2022-11-22T16:46:57","guid":{"rendered":"http:\/\/n-elixir.fr\/?page_id=10"},"modified":"2025-02-04T18:29:03","modified_gmt":"2025-02-04T17:29:03","slug":"a-propos-de","status":"publish","type":"page","link":"https:\/\/n-elixir.fr\/index.php\/a-propos-de\/","title":{"rendered":"\u00c0 propos"},"content":{"rendered":"\n<h3 class=\"wp-block-heading has-text-align-center\"><br><strong>Bienvenue sur mon petit coin de bien-\u00eatre ! \ud83e\udd0e <br>Je suis Nolwenn, votre passionn\u00e9e du bien-\u00eatre et des relations humaines, et je suis ravie de vous accueillir ici !<\/strong><\/h3>\n\n\n\n<p><\/p>\n\n\n\n<p><mark style=\"background-color:rgba(0, 0, 0, 0)\" class=\"has-inline-color has-black-color\">Avec un BEP et un Baccalaur\u00e9at professionnel en Accompagnement, Soin et Service \u00e0 la Personne, j\u2019ai eu la chance de plonger dans l&rsquo;univers fascinant du social \u00e0 travers des stages enrichissants. <\/mark><\/p>\n\n\n\n<p><mark style=\"background-color:rgba(0, 0, 0, 0)\" class=\"has-inline-color has-black-color\">Chaque exp\u00e9rience a \u00e9t\u00e9 un voyage \u00e9motionnel, me permettant <span style=\"text-decoration: underline;\">de comprendre les besoins des autres avec intensit\u00e9<\/span>. \ud83e\udd17<\/mark><\/p>\n\n\n\n<p class=\"has-text-align-left\"><mark style=\"background-color:rgba(0, 0, 0, 0)\" class=\"has-inline-color has-black-color\">Mon parcours m\u2019a conduite \u00e0 une formation d&rsquo;Assistante de Service Social, approfondissant ainsi <strong>ma passion pour le bien-\u00eatre.<\/strong><\/mark> \ud83e\udec2<\/p>\n\n\n\n<p><mark style=\"background-color:rgba(0, 0, 0, 0)\" class=\"has-inline-color has-black-color\"><span style=\"text-decoration: underline;\">D\u00e9sireuse d\u2019offrir r\u00e9confort et bien-\u00eatre<\/span>, j&rsquo;ai obtenu mon CAP Esth\u00e9tique, suivi d&rsquo;une ann\u00e9e au Domaine du Ch\u00e2teau de Pizay en tant que Praticienne SPA, tout en poursuivant mes \u00e9tudes \u00e0 l&rsquo;\u00e9cole Sylvia Terrade de Lyon. <\/mark><\/p>\n\n\n\n<p><mark style=\"background-color:rgba(0, 0, 0, 0)\" class=\"has-inline-color has-black-color\">J&rsquo;ai aussi d\u00e9croch\u00e9 mon dipl\u00f4me de Sophrologue, <span style=\"text-decoration: underline;\">int\u00e9grant des techniques de relaxation dans mes soins<\/span>.<\/mark><\/p>\n\n\n\n<p><mark style=\"background-color:rgba(0, 0, 0, 0)\" class=\"has-inline-color has-black-color\">Aujourd&rsquo;hui, avec N\u2019Elixir, je suis ravie de vous faire d\u00e9couvrir une gamme de soins du visage et du corps enveloppante. En collaboration avec la marque <em>Centella<\/em>, <span style=\"text-decoration: underline;\">je souhaite cr\u00e9er un havre de paix o\u00f9 chaque d\u00e9tail est pens\u00e9 pour votre bien-\u00eatre.<\/span> \ud83c\udf3f<\/mark><\/p>\n\n\n\n<p><mark style=\"background-color:rgba(0, 0, 0, 0)\" class=\"has-inline-color has-black-color\">Imaginez un univers o\u00f9 les ar\u00f4mes d\u00e9licats et les textures luxueuses transforment votre routine de soins en un rituel de d\u00e9tente. \ud83c\udf1f <strong>Je suis \u00e0 votre \u00e9coute<\/strong> pour <span style=\"text-decoration: underline;\">personnaliser votre exp\u00e9rience avec douceur et bienveillance.<\/span><\/mark><\/p>\n\n\n\n<blockquote class=\"wp-block-quote is-layout-flow wp-block-quote-is-layout-flow\">\n<p class=\"has-text-align-center\"><strong><mark style=\"background-color:rgba(0, 0, 0, 0)\" class=\"has-inline-color has-black-color\">Je crois fermement que la beaut\u00e9 v\u00e9ritable jaillit de l&rsquo;harmonie entre le corps et l&rsquo;esprit. \ud83d\udcab<\/mark><\/strong><\/p>\n<\/blockquote>\n\n\n\n<p><mark style=\"background-color:rgba(0, 0, 0, 0)\" class=\"has-inline-color has-black-color\">C&rsquo;est avec une passion d\u00e9bordante que je vous invite <span style=\"text-decoration: underline;\">\u00e0 prendre un moment pour vous<\/span>, \u00e0 renouer avec l&rsquo;\u00e9clat unique qui sommeille en vous.<\/mark><\/p>\n\n\n\n<p><mark style=\"background-color:rgba(0, 0, 0, 0)\" class=\"has-inline-color has-black-color\"><strong>Rejoignez-moi <\/strong>dans cette aventure de douceur et de s\u00e9r\u00e9nit\u00e9 et laissez-vous emporter par une vague de bien-\u00eatre.<\/mark><\/p>\n\n\n\n<p><mark style=\"background-color:rgba(0, 0, 0, 0)\" class=\"has-inline-color has-black-color\">Je vous propose des soins du corps vari\u00e9s : <strong>massages apaisants, soins pour les mains et les pieds, ainsi que des soins de luminoth\u00e9rapie et de radiofr\u00e9quence<\/strong>, pour une exp\u00e9rience sublime !<\/mark><\/p>\n\n\n\n<p><mark style=\"background-color:rgba(0, 0, 0, 0)\" class=\"has-inline-color has-black-color\">Ma motivation est sans limites, et je suis ici pour <span style=\"text-decoration: underline;\">vous accompagner dans votre qu\u00eate de s\u00e9r\u00e9nit\u00e9.<\/span> \ud83d\ude09<\/mark><\/p>\n\n\n\n<p><mark style=\"background-color:rgba(0, 0, 0, 0)\" class=\"has-inline-color has-black-color\">Explorez mes services et <span style=\"text-decoration: underline;\">contactez-moi <\/span>pour toute question. Ensemble, faisons de chaque moment un instant pr\u00e9cieux de bien-\u00eatre et de douceur. \ud83d\udcab<\/mark><\/p>\n\n\n\n<blockquote class=\"wp-block-quote has-text-align-center is-layout-flow wp-block-quote-is-layout-flow\">\n<p><strong><mark style=\"background-color:rgba(0, 0, 0, 0)\" class=\"has-inline-color has-black-color\">Au plaisir de vous rencontrer et de partager ces moments de bonheur avec vous ! \ud83e\udd0e<\/mark><\/strong><\/p>\n\n\n\n<div class=\"wp-block-buttons is-content-justification-center is-layout-flex wp-container-core-buttons-is-layout-16018d1d wp-block-buttons-is-layout-flex\">\n<div class=\"wp-block-button\"><a class=\"wp-block-button__link has-text-align-center wp-element-button\" href=\"https:\/\/n-elixir.reservio.com\/services\" target=\"_blank\" rel=\"noopener\"><span style=\"text-decoration: underline;\">PRENEZ RENDEZ-VOUS<\/span><\/a><\/div>\n<\/div>\n<\/blockquote>\n\n\n<div class=\"wp-block-image\">\n<figure class=\"aligncenter size-full is-resized\"><img loading=\"lazy\" decoding=\"async\" width=\"710\" height=\"711\" src=\"https:\/\/n-elixir.fr\/wp-content\/uploads\/2024\/09\/Capture-decran-2024-09-25-185437.png\" alt=\"\" class=\"wp-image-247\" style=\"width:485px;height:auto\" srcset=\"https:\/\/n-elixir.fr\/wp-content\/uploads\/2024\/09\/Capture-decran-2024-09-25-185437.png 710w, https:\/\/n-elixir.fr\/wp-content\/uploads\/2024\/09\/Capture-decran-2024-09-25-185437-250x250.png 250w, https:\/\/n-elixir.fr\/wp-content\/uploads\/2024\/09\/Capture-decran-2024-09-25-185437-100x100.png 100w, https:\/\/n-elixir.fr\/wp-content\/uploads\/2024\/09\/Capture-decran-2024-09-25-185437-350x350.png 350w, https:\/\/n-elixir.fr\/wp-content\/uploads\/2024\/09\/Capture-decran-2024-09-25-185437-300x300.png 300w, https:\/\/n-elixir.fr\/wp-content\/uploads\/2024\/09\/Capture-decran-2024-09-25-185437-150x150.png 150w\" sizes=\"auto, (max-width: 710px) 100vw, 710px\" \/><\/figure>\n<\/div>","protected":false},"excerpt":{"rendered":"<p>Bienvenue sur mon petit coin de bien-\u00eatre ! \ud83e\udd0e Je suis Nolwenn, votre passionn\u00e9e du bien-\u00eatre et des relations humaines, et je suis ravie de vous accueillir ici ! Avec un BEP et un Baccalaur\u00e9at professionnel en Accompagnement, Soin et Service \u00e0 la Personne, j\u2019ai eu la chance de plonger dans l&rsquo;univers fascinant du social &hellip; <\/p>\n<p class=\"link-more\"><a href=\"https:\/\/n-elixir.fr\/index.php\/a-propos-de\/\" class=\"more-link\">Continuer la lecture<span class=\"screen-reader-text\"> de &laquo;&nbsp;\u00c0 propos&nbsp;&raquo;<\/span><\/a><\/p>\n","protected":false},"author":1,"featured_media":286,"parent":0,"menu_order":0,"comment_status":"closed","ping_status":"closed","template":"","meta":{"_editorskit_title_hidden":false,"_editorskit_reading_time":0,"_editorskit_is_block_options_detached":false,"_editorskit_block_options_position":"{}","om_disable_all_campaigns":false,"footnotes":""},"class_list":["post-10","page","type-page","status-publish","has-post-thumbnail","hentry"],"aioseo_notices":[],"jetpack_sharing_enabled":true,"_links":{"self":[{"href":"https:\/\/n-elixir.fr\/index.php\/wp-json\/wp\/v2\/pages\/10","targetHints":{"allow":["GET"]}}],"collection":[{"href":"https:\/\/n-elixir.fr\/index.php\/wp-json\/wp\/v2\/pages"}],"about":[{"href":"https:\/\/n-elixir.fr\/index.php\/wp-json\/wp\/v2\/types\/page"}],"author":[{"embeddable":true,"href":"https:\/\/n-elixir.fr\/index.php\/wp-json\/wp\/v2\/users\/1"}],"replies":[{"embeddable":true,"href":"https:\/\/n-elixir.fr\/index.php\/wp-json\/wp\/v2\/comments?post=10"}],"version-history":[{"count":18,"href":"https:\/\/n-elixir.fr\/index.php\/wp-json\/wp\/v2\/pages\/10\/revisions"}],"predecessor-version":[{"id":480,"href":"https:\/\/n-elixir.fr\/index.php\/wp-json\/wp\/v2\/pages\/10\/revisions\/480"}],"wp:featuredmedia":[{"embeddable":true,"href":"https:\/\/n-elixir.fr\/index.php\/wp-json\/wp\/v2\/media\/286"}],"wp:attachment":[{"href":"https:\/\/n-elixir.fr\/index.php\/wp-json\/wp\/v2\/media?parent=10"}],"curies":[{"name":"wp","href":"https:\/\/api.w.org\/{rel}","templated":true}]}}

À propos

<h3 class="wp-block-heading has-text-align-center"><br><strong>Bienvenue sur mon petit coin de bien-être ! 🤎 <br>Je suis Nolwenn, votre passionnée du bien-être et des relations humaines, et je suis ravie de vous accueillir ici !</strong></h3>



<p></p>



<p><mark style="background-color:rgba(0, 0, 0, 0)" class="has-inline-color has-black-color">Avec un BEP et un Baccalauréat professionnel en Accompagnement, Soin et Service à la Personne, j’ai eu la chance de plonger dans l&rsquo;univers fascinant du social à travers des stages enrichissants. </mark></p>



<p><mark style="background-color:rgba(0, 0, 0, 0)" class="has-inline-color has-black-color">Chaque expérience a été un voyage émotionnel, me permettant <span style="text-decoration: underline;">de comprendre les besoins des autres avec intensité</span>. 🤗</mark></p>



<p class="has-text-align-left"><mark style="background-color:rgba(0, 0, 0, 0)" class="has-inline-color has-black-color">Mon parcours m’a conduite à une formation d&rsquo;Assistante de Service Social, approfondissant ainsi <strong>ma passion pour le bien-être.</strong></mark> 🫂</p>



<p><mark style="background-color:rgba(0, 0, 0, 0)" class="has-inline-color has-black-color"><span style="text-decoration: underline;">Désireuse d’offrir réconfort et bien-être</span>, j&rsquo;ai obtenu mon CAP Esthétique, suivi d&rsquo;une année au Domaine du Château de Pizay en tant que Praticienne SPA, tout en poursuivant mes études à l&rsquo;école Sylvia Terrade de Lyon. </mark></p>



<p><mark style="background-color:rgba(0, 0, 0, 0)" class="has-inline-color has-black-color">J&rsquo;ai aussi décroché mon diplôme de Sophrologue, <span style="text-decoration: underline;">intégrant des techniques de relaxation dans mes soins</span>.</mark></p>



<p><mark style="background-color:rgba(0, 0, 0, 0)" class="has-inline-color has-black-color">Aujourd&rsquo;hui, avec N’Elixir, je suis ravie de vous faire découvrir une gamme de soins du visage et du corps enveloppante. En collaboration avec la marque <em>Centella</em>, <span style="text-decoration: underline;">je souhaite créer un havre de paix où chaque détail est pensé pour votre bien-être.</span> 🌿</mark></p>



<p><mark style="background-color:rgba(0, 0, 0, 0)" class="has-inline-color has-black-color">Imaginez un univers où les arômes délicats et les textures luxueuses transforment votre routine de soins en un rituel de détente. 🌟 <strong>Je suis à votre écoute</strong> pour <span style="text-decoration: underline;">personnaliser votre expérience avec douceur et bienveillance.</span></mark></p>



<blockquote class="wp-block-quote is-layout-flow wp-block-quote-is-layout-flow">
<p class="has-text-align-center"><strong><mark style="background-color:rgba(0, 0, 0, 0)" class="has-inline-color has-black-color">Je crois fermement que la beauté véritable jaillit de l&rsquo;harmonie entre le corps et l&rsquo;esprit. 💫</mark></strong></p>
</blockquote>



<p><mark style="background-color:rgba(0, 0, 0, 0)" class="has-inline-color has-black-color">C&rsquo;est avec une passion débordante que je vous invite <span style="text-decoration: underline;">à prendre un moment pour vous</span>, à renouer avec l&rsquo;éclat unique qui sommeille en vous.</mark></p>



<p><mark style="background-color:rgba(0, 0, 0, 0)" class="has-inline-color has-black-color"><strong>Rejoignez-moi </strong>dans cette aventure de douceur et de sérénité et laissez-vous emporter par une vague de bien-être.</mark></p>



<p><mark style="background-color:rgba(0, 0, 0, 0)" class="has-inline-color has-black-color">Je vous propose des soins du corps variés : <strong>massages apaisants, soins pour les mains et les pieds, ainsi que des soins de luminothérapie et de radiofréquence</strong>, pour une expérience sublime !</mark></p>



<p><mark style="background-color:rgba(0, 0, 0, 0)" class="has-inline-color has-black-color">Ma motivation est sans limites, et je suis ici pour <span style="text-decoration: underline;">vous accompagner dans votre quête de sérénité.</span> 😉</mark></p>



<p><mark style="background-color:rgba(0, 0, 0, 0)" class="has-inline-color has-black-color">Explorez mes services et <span style="text-decoration: underline;">contactez-moi </span>pour toute question. Ensemble, faisons de chaque moment un instant précieux de bien-être et de douceur. 💫</mark></p>



<blockquote class="wp-block-quote has-text-align-center is-layout-flow wp-block-quote-is-layout-flow">
<p><strong><mark style="background-color:rgba(0, 0, 0, 0)" class="has-inline-color has-black-color">Au plaisir de vous rencontrer et de partager ces moments de bonheur avec vous ! 🤎</mark></strong></p>



<div class="wp-block-buttons is-content-justification-center is-layout-flex wp-container-core-buttons-is-layout-16018d1d wp-block-buttons-is-layout-flex">
<div class="wp-block-button"><a class="wp-block-button__link has-text-align-center wp-element-button" href="https://n-elixir.reservio.com/services" target="_blank" rel="noopener"><span style="text-decoration: underline;">PRENEZ RENDEZ-VOUS</span></a></div>
</div>
</blockquote>


<div class="wp-block-image">
<figure class="aligncenter size-full is-resized"><img loading="lazy" decoding="async" width="710" height="711" src="https://n-elixir.fr/wp-content/uploads/2024/09/Capture-decran-2024-09-25-185437.png" alt="" class="wp-image-247" style="width:485px;height:auto" srcset="https://n-elixir.fr/wp-content/uploads/2024/09/Capture-decran-2024-09-25-185437.png 710w, https://n-elixir.fr/wp-content/uploads/2024/09/Capture-decran-2024-09-25-185437-250x250.png 250w, https://n-elixir.fr/wp-content/uploads/2024/09/Capture-decran-2024-09-25-185437-100x100.png 100w, https://n-elixir.fr/wp-content/uploads/2024/09/Capture-decran-2024-09-25-185437-350x350.png 350w, https://n-elixir.fr/wp-content/uploads/2024/09/Capture-decran-2024-09-25-185437-300x300.png 300w, https://n-elixir.fr/wp-content/uploads/2024/09/Capture-decran-2024-09-25-185437-150x150.png 150w" sizes="auto, (max-width: 710px) 100vw, 710px" /></figure>
</div>

<p>Bienvenue sur mon petit coin de bien-être ! 🤎 Je suis Nolwenn, votre passionnée du bien-être et des relations humaines, et je suis ravie de vous accueillir ici ! Avec un BEP et un Baccalauréat professionnel en Accompagnement, Soin et Service à la Personne, j’ai eu la chance de plonger dans l&rsquo;univers fascinant du social &hellip; </p>
<p class="link-more"><a href="https://n-elixir.fr/index.php/a-propos-de/" class="more-link">Continuer la lecture<span class="screen-reader-text"> de &laquo;&nbsp;À propos&nbsp;&raquo;</span></a></p>
